-49
Let v(y) = 90*y + 31 - 135*y + 44*y. Determine v(20).
11
Let t(m) = -m**3 + 3*m**2 + m - 5. Let w(p) = 4*p**3 - 8*p**2 - 6*p + 13. Let v(h) = -3*t(h) - w(h). Give v(2).
-4
Suppose 0 = 2*o - 83 + 81. Let v(x) = 0*x - 94*x**2 + 2*x + 96*x**2 + o. Let j be (-60)/(-32) - 2 - 85/(-40). What is v(j)?
13
Let d(j) be the third derivative of -j**4/12 + 2*j**3/3 - j**2. Let g be d(3). Let t(i) be the first derivative of i**2/2 + i - 33447. Determine t(g).
-1
Let j(d) = -5*d**2 + 3*d + 2. Let c(s) = -11*s**2 + 5*s + 3. Let b(f) = -3*c(f) + 5*j(f). Let w(u) = 4*u - 103. Let r be w(26). Calculate b(r).
9
Let t(k) be the third derivative of k**6/120 - 7*k**5/60 + k**4/4 + 2*k**3/3 - k**2. Let s = -326 - -332. What is t(s)?
4
Suppose -65 - 27 = -2*o + 4*k, 165 = 5*o + 3*k. Suppose -167*m + 180*m = 390. Let t = o - m. Let z(f) = f - 2. Give z(t).
4
Let v(d) = 2*d**3 + 2*d**2 + 3*d + 1. Suppose l - 6*l + 113 = -3*c, c = l - 21. Suppose -2*u - k + 3 = -6*u, 5*u + l = -3*k. Calculate v(u).
-13
Let m(p) = -15*p**3 + 56*p**2 + 39*p - 56. Let l(w) = 7*w**3 - 26*w**2 - 19*w + 27. Let h(x) = 13*l(x) + 6*m(x). What is h(4)?
-5
Let w(u) = -4*u**3 + 5671407 - u - 5671399 + 2*u**3 + 12*u**2. Give w(6).
2
Let i(f) = f**2 - 7 - f + 0*f + 3. Let k(m) = -m + 5. Let b be k(-5). Suppose 6*v = b*v - 16. Give i(v).
8
Suppose -2*f + 12 = 2*j, 6*j - 4 = 4*j + 2*f. Let c(z) = 6*z - 3 - 3*z**2 - 5*z + 4 - 6*z + j*z. Let w be 1/3*3*-2. Calculate c(w).
-9
Let b(y) = -150*y - 159*y + 300*y + 140. Determine b(15).
5
Let o(c) = 1 - 2 + 4*c + 0. Suppose 19*u - 15*u = 2*d - 12, d - 14 = 4*u. What is o(d)?
-9
Let r(j) be the second derivative of -j**4/12 - 19*j**3/6 - 7*j**2 + 2325*j. Determine r(-17).
20
Let f(q) be the second derivative of -q**4/12 + 2*q**3 + 13*q**2/2 - 2436*q. Give f(10).
33
Let m(y) = -y**2 - 275*y - 2391. Let t be m(-9). Let o(q) = 4*q**2 - q + 4. Give o(t).
37
Let z(l) = l**2 + 22*l + 73. Let q(g) = -23*g - 133. Let p be q(-5). Let v be z(p). Let b(a) = 10*a**3 + a**2 - a. Give b(v).
10
Let c(g) be the third derivative of 31*g**2 - g**3 + 1 + 0*g + 1/6*g**4. Calculate c(5).
14
Let r(s) = -s**2 + 3*s - 3. Let w(q) = q**3 - 5*q**2 - 4*q - 7. Let b(f) = f**2 + 2*f - 2. Let u be b(2). Let x be w(u). Determine r(x).
-13
Suppose -42*k + 44*k - 2*a = 0, -3*k + 2*a - 1 = 0. Suppose -3*f + 22 - 4 = 0. Let n(u) = 3 + 2 - f - 2*u. Calculate n(k).
1
Let h(g) = -g - 1. Let f(n) = 2*n - 27. Let s(y) = -f(y) + 5*h(y). Let q(j) = -19*j + 65. Let t(l) = -3*q(l) + 8*s(l). Give t(8).
-11
Suppose 4 = 3*z + 4*s + 6, 5*z + 4*s = -6. Let i = 4 - 3. Let g be 5 + (i + z - 0). Let f(a) = 2*a - 5. What is f(g)?
3
Let c(d) be the third derivative of -d**5/15 - 29*d**4/24 + 14*d**3/3 - 7*d**2 + 30*d. What is c(-8)?
4
Let h be (-1)/1 + 3 - -20. Suppose 4*m - 58 = o, 4*m - 3*m - 4*o = h. Let i(g) = -9 + g**3 + m + 9*g + 0*g**3 + 9*g**2. Calculate i(-8).
-3
Let q(d) be the second derivative of 4*d + 1/20*d**5 + 1/2*d**3 - 1/4*d**4 + d**2 + 0. Suppose u + f = 2, u - 7 = 2*f + 2*f. Give q(u).
11
Let t(u) = 250*u - 8 - 1061*u - u**2 - 2*u**3 - 3*u**2 + 814*u. Give t(-4).
44
Let z(v) = -v**3 + v**2. Let u(p) = -2*p**3 - 2*p. Let l(j) = -u(j) + 3*z(j). Let f = -283 + 286. What is l(f)?
6
Let i(v) = -360*v + 3242. Let u be i(9). Let s(x) = 49*x - 105. Give s(u).
-7
Let l(m) be the second derivative of m**4/12 - m**3/3 - 2*m**2 + 1351*m + 1. What is l(2)?
-4
Suppose 42 = 2*a - 0*a. Suppose 0 = m + m - 5*x - 17, -4*m + a = 3*x. Let o(c) = -9 + m*c**2 + 12 - 5*c**2 - c. What is o(5)?
23
Let a(o) = -10*o + 96. Let b be ((-21)/63)/(6/(-180)). Give a(b).
-4
Let c = 4200 + -4194. Let z(x) = x - 17. Determine z(c).
-11
Let w(i) be the first derivative of -3*i**2/2 + i - 4. Suppose 0 = -12*m - 2018 + 2054. Calculate w(m).
-8
Let o(t) = 3*t**3 - 4*t**2 - 7*t - 4. Let d(k) = 15*k + 7*k + 16*k**2 - 3*k**2 - 9*k**3 + 13 - k**3. Let u(c) = -2*d(c) - 7*o(c). Calculate u(4).
-10
Let p(z) = 3*z**3 - 11*z**2 - 13*z + 2. Let f(s) = 8*s**3 - 33*s**2 - 37*s + 10. Let b(a) = -4*f(a) + 11*p(a). Determine b(-10).
32
Let b be 240/18 + -10 + (-2)/6. Suppose 3*j + 9 + 0 = 0, 3*y - j = -b. Let o(h) = h - 2 - 6*h - 5*h + 4*h. Calculate o(y).
10
Let z = 3727 + -3734. Let a(i) = -2*i - 11. Give a(z).
3
Let h(k) = k**2 - 5*k - 7. Suppose 3*g - 7 = 5*l - 26, 3*g - 16 = -2*l. Suppose 17 = 2*n + l*f, -2*n = 3*n + 2*f - 74. Let a be (-63)/28*n/(-6). What is h(a)?
-1
Let l(w) be the second derivative of w**7/2520 - w**6/144 - w**5/120 - 49*w**4/6 - 5*w. Let n(f) be the third derivative of l(f). Give n(5).
-1
Let a(g) = 943*g + 4708. Let h be a(-5). Let x(u) = -u**3 - 9*u**2 - 10*u - 7. Calculate x(h).
-35
Suppose -37*o + 6*o - 25*o = -112. Let z(g) be the second derivative of 0 - 1/12*g**4 - 2*g - 2/3*g**3 - 2*g**o. Calculate z(-3).
-1
Let x = 4 - 3. Let t = 5 + x. Let i(r) be the second derivative of -r**4/12 + r**3 + r**2/2 - 65*r + 7. Give i(t).
1
Let g(y) = -7*y - 7*y - y + 3 - 5*y + 9*y. What is g(-2)?
25
Let l(f) = -6*f**3 - 27*f**2 - 6*f - 19. Let m(g) = 5*g**3 + 23*g**2 + 6*g + 17. Let v(a) = -4*l(a) - 5*m(a). What is v(-6)?
-9
Let d be (-7)/(14/(-3)) - 20/8. Let h(i) = 4*i - i**2 - 7*i + 4 - 1 - 7*i**3. Let c(p) = -p + 1. Let o(y) = d*h(y) + 3*c(y). Calculate o(1).
8
Let q(s) be the second derivative of -s**5/20 + s**4/6 + s**3 - 3*s**2 + 25402*s. Let d = -20 - -12. Let o = -4 - d. Determine q(o).
-14
Let s(n) = 4*n + 2. Let q be (70/15)/(4/30). Suppose -30*k - q = -25*k. Give s(k).
-26
Suppose 3*u = -3*s - 3, -5*u + 5 = s + 2. Let a be (-14)/s - (0/(-3))/(-1). Let x(g) = 19*g - a*g - 3*g. Calculate x(1).
9
Let d(l) = 12*l**3 + 3*l**2 - 13*l - 8. Let a(y) = 5*y**3 + 2*y**2 - 6*y - 4. Let m(j) = 7*a(j) - 3*d(j). Let h = 3 - 0. Give m(h).
5
Suppose -5*o - 5 = -25. Let h be 136/(-51)*9/o. Let u(n) = -n**2 - 4*n - 7. Let j(t) = 5*t**2 + 19*t + 36. Let w(d) = 2*j(d) + 11*u(d). Calculate w(h).
-5
Suppose 1666 + 142 = 8*m. Let t(j) = j**2 - 455*j + 2 + 225*j + m*j. Calculate t(3).
-1
Suppose 8 = c + 4*p + 3, -93 = 15*c + 4*p. Let d(z) = -3*z**2 - 6*z - 5. Give d(c).
-110
Suppose -126*j + 140 = -131*j. Let l(x) = 3*x + 84. Let t be l(j). Let q be 0 + 1 + t + (8 - 8). Let a(c) = c**2 + 1. Determine a(q).
2
Let w be 8/(1*-2 - (-6 - -6)). Let n be (6 + -1)*w/4. Let u(o) = o + 1. Give u(n).
-4
Let d(u) = 13*u + 150. Suppose -86*y - 898 - 134 = 0. What is d(y)?
-6
Let w(v) = v**3 + 7*v**2 - 10*v - 11. Let c be w(-8). Let u = 203 - 200. Let n be 1/(c/(-6))*10/u. Let b(g) = g + 7. Determine b(n).
3
Let u(t) = -4*t**2 - 5 + 5 - 3*t + 1399*t**3 - 1400*t**3. Let p be (-4)/(-16) + 39/(-12). Determine u(p).
0
Let d(y) = -2*y + 1. Let c be d(-6). Let w(k) = -2*k**3 - k**3 + 2*k**3 - 13*k**2 - c*k - 8. Let p be (-1 + 10)/(246/(-328)). Determine w(p).
4
Let c be (-5)/(-15) + 14/3. Suppose -c*y - 20 = 10. Let g be (-27)/y*(3 + -1). Let v(d) = d**3 - 10*d**2 + 9*d - 6. Give v(g).
-6
Let c be ((-10 - (-30 - -30)) + 2*7)*1. Let r(p) = -3*p - 1 + 0*p**2 + p**2 + 6. What is r(c)?
9
Let c(n) = 3*n - 26. Let h(g) = -g + 9. Let q(w) = 3*c(w) + 8*h(w). Let i = 8 + -4. Suppose 0 = -p + t + 10, -5*p + i + 34 = -2*t. Calculate q(p).
0
Let d(x) = -x**3 + 10*x**2 + 57*x - 10. Let n = -9006 + 9020. What is d(n)?
4
Let t be (-1)/(0 + 2 - 1). Let d(h) = -32*h + 35. Let o(v) = 30*v - 29. Let n(m) = 5*d(m) + 6*o(m). Calculate n(t).
-19
Let m(t) = -10*t + 3. Let q = 3095 + -3091. Calculate m(q).
-37
Let c(w) be the first derivative of -w**3/3 + 11*w**2/2 + 5*w + 39003. Let l be 0 - 8*(-6)/4. Give c(l).
-7
Let n(m) be the second derivative of -m**6/120 + m**5/12 + 5*m**4/24 - 5*m**3/6 + 20*m**2 - 66*m. Let b(y) be the first derivative of n(y). Determine b(5).
20
Let y(d) = 2*d**2 - 4*d + 4. Let k(o) = -11*o + 45. Let s be k(4). Determine y(s).
2
Let j(k) = -k**2 - 3*k + 4. Suppose 2*z + 2*z = 12. Suppose -5*h + z = 13. Let w be -1 - -1 - (-4 + 5 - h). Calculate j(w).
4
Let f(w) = -w + 1 - w - 5. Let q be 16 + (-18 - ((-6)/(-12) - (51/6)/1)). What is f(q)?
-16
Let o(r) = 1 + 0*r**3 + 2*r**3 - r**2 - 3*r - r**3. Suppose 178 - 262 = -12*k. Let h(l) = l**3 - 3*l**2 - 28*l + 3. Let t be h(k). Determine o(t).
10
Let h(r) = -r**2 + 8*r + 1. Suppose 2016 = -17*u + 3*u. Let w = u + 73. Let x = -67 - w. What is h(x)?
17
Let l be ((-6)/3)/(-3*(-4)/(-36)). Let m(i) = 5*i + 10*i 